f 3850?
True
Does 75 divide 450?
True
Is 32318 a multiple of 26?
True
Is 26320 a multiple of 94?
True
Does 56 divide 112?
True
Does 4 divide 6947?
False
Is 43 a multiple of 3?
False
Is 784 a multiple of 56?
True
Is 182 a multiple of 3?
False
Is 11 a factor of 7568?
True
Is 35666 a multiple of 20?
False
Is 228 a factor of 23961?
False
Is 63 a factor of 1953?
True
Is 3008 a multiple of 16?
True
Is 6 a factor of 322?
False
Is 147 a multiple of 5?
False
Is 285 a multiple of 22?
False
Does 102 divide 12342?
True
Does 2 divide 322?
True
Does 101 divide 4479?
False
Is 27 a factor of 26730?
True
Does 187 divide 10285?
True
Does 12 divide 300?
True
Is 9 a factor of 7057?
False
Does 57 divide 2421?
False
Is 36 a multiple of 2?
True
Does 40 divide 1880?
True
Is 46 a factor of 60729?
False
Is 71198 a multiple of 97?
True
Is 37 a factor of 629?
True
Is 16 a factor of 862?
False
Is 71 a factor of 4118?
True
Is 34 a factor of 1728?
False
Does 168 divide 118260?
False
Does 45 divide 18135?
True
Is 1280 a multiple of 40?
True
Does 68 divide 17612?
True
Is 345 a factor of 29325?
True
Is 5406 a multiple of 51?
True
Does 19 divide 570?
True
Is 21896 a multiple of 34?
True
Is 21 a factor of 50864?
False
Does 234 divide 10530?
True
Is 829 a multiple of 10?
False
Is 14 a factor of 2002?
True
Is 965 a multiple of 8?
False
Is 3 a factor of 1374?
True
Is 1208 a multiple of 9?
False
Does 2 divide 2?
True
Is 19 a factor of 5691?
False
Is 935 a multiple of 17?
True
Does 20 divide 1633?
False
Is 27 a factor of 15984?
True
Is 18 a factor of 6411?
False
Is 637 a multiple of 13?
True
Is 26816 a multiple of 14?
False
Is 9 a factor of 439?
False
Does 20 divide 40534?
False
Is 62 a factor of 2232?
True
Is 70012 a multiple of 14?
False
Is 14 a factor of 1204?
True
Is 3965 a multiple of 305?
True
Is 10 a factor of 2116?
False
Does 133 divide 43822?
False
Does 13 divide 563?
False
Does 27 divide 4458?
False
Is 399 a multiple of 57?
True
Is 23 a factor of 51312?
False
Does 45 divide 2880?
True
Is 39412 a multiple of 167?
True
Is 54 a factor of 59292?
True
Does 31 divide 362?
False
Is 2760 a multiple of 23?
True
Is 2 a factor of 20?
True
Is 2246 a multiple of 44?
False
Does 37 divide 14837?
True
Does 85 divide 9812?
False
Does 55 divide 330?
True
Does 39 divide 22989?
False
Does 26 divide 42874?
True
Is 19 a factor of 434?
False
Is 79 a factor of 44404?
False
Does 5 divide 151?
False
Is 18940 a multiple of 20?
True
Is 595 a multiple of 76?
False
Is 373 a multiple of 33?
False
Does 31 divide 465?
True
Is 44 a factor of 3345?
False
Is 24 a factor of 17794?
False
Is 3653 a multiple of 37?
False
Does 72 divide 61256?
False
Does 27 divide 580?
False
Is 188 a multiple of 47?
True
Is 9036 a multiple of 18?
True
Is 5159 a multiple of 77?
True
Does 75 divide 60225?
True
Is 5 a factor of 384?
False
Is 4698 a multiple of 58?
True
Does 132 divide 27126?
False
Is 1390 a multiple of 10?
True
Does 54 divide 540?
True
Is 7640 a multiple of 4?
True
Does 189 divide 30429?
True
Is 67 a factor of 170?
False
Is 30 a factor of 9990?
True
Is 70 a factor of 630?
True
Is 124 a factor of 16120?
True
Does 62 divide 18786?
True
Is 62061 a multiple of 137?
True
Is 1056 a multiple of 8?
True
Does 14 divide 266?
True
Does 67 divide 11645?
False
Does 58 divide 11658?
True
Is 99 a factor of 2277?
True
Is 11 a factor of 10893?
False
Is 8 a factor of 3498?
False
Does 25 divide 529?
False
Does 38 divide 15010?
True
Does 106 divide 3710?
True
Is 6 a factor of 4152?
True
Does 76 divide 5977?
False
Is 2472 a multiple of 110?
False
Is 6 a factor of 342?
True
Does 273 divide 106472?
False
Is 18 a factor of 6210?
True
Is 41 a factor of 11627?
False
Does 396 divide 133759?
False
Is 10 a factor of 11820?
True
Does 12 divide 3149?
False
Is 795 a multiple of 17?
False
Is 31 a factor of 345?
False
Is 45 a factor of 4042?
False
Is 11507 a multiple of 11?
False
Does 37 divide 58238?
True
Does 48 divide 816?
True
Is 2 a factor of 507?
False
Does 2 divide 201?
False
Does 17 divide 13429?
False
Is 23 a factor of 10708?
False
Is 12015 a multiple of 45?
True
Is 6737 a multiple of 7?
False
Is 65 a factor of 561?
False
Is 585 a multiple of 22?
False
Is 42 a factor of 585?
False
Is 9 a factor of 585?
True
Is 90 a multiple of 10?
True
Does 6 divide 3177?
False
Is 25 a factor of 18200?
True
Is 25975 a multiple of 25?
True
Is 51 a factor of 677?
False
Is 2459 a multiple of 37?
False
Is 1325 a multiple of 49?
False
Does 21 divide 2856?
True
Does 2 divide 443?
False
Does 59 divide 6534?
False
Is 105 a multiple of 15?
True
Does 217 divide 10996?
False
Does 63 divide 2550?
False
Does 93 divide 36097?
False
Is 313 a factor of 8764?
True
Is 3 a factor of 710?
False
Is 494 a multiple of 13?
True
Is 13 a factor of 18044?
True
Does 31 divide 62899?
True
Does 33 divide 708?
False
Is 250 a factor of 30500?
True
Is 13607 a multiple of 10?
False
Does 396 divide 5390?
False
Is 1078 a multiple of 11?
True
Is 34 a factor of 363?
False
Does 23 divide 4070?
False
Is 32870 a multiple of 9?
False
Does 5 divide 7?
False
Is 25 a factor of 555?
False
Is 29 a factor of 4060?
True
Is 50 a multiple of 25?
True
Does 62 divide 72669?
False
Is 15 a factor of 1410?
True
Does 20 divide 56580?
True
Does 8 divide 37?
False
Is 16 a factor of 3056?
True
Is 17437 a multiple of 21?
False
Does 6 divide 1308?
True
Does 8 divide 88?
True
Is 88929 a multiple of 23?
False
Is 26 a factor of 624?
True
Is 29770 a multiple of 6?
False
Is 1480 a multiple of 8?
True
Is 11 a factor of 264?
True
Is 196 a multiple of 4?
True
Does 14 divide 987?
False
Does 194 divide 28309?
False
Is 5700 a multiple of 60?
True
Is 4 a factor of 113?
False
Is 103 a factor of 1727?
False
Does 8 divide 20352?
True
Is 11 a factor of 770?
True
Is 127 a factor of 23480?
False
Does 4 divide 5407?
False
Does 122 divide 14274?
True
Is 928 a multiple of 84?
False
Is 39 a multiple of 13?
True
Is 51 a factor of 17957?
False
Does 25 divide 743?
False
Does 5 divide 27381?
False
Does 33 divide 21657?
False
Is 22 a factor of 770?
True
Is 231 a multiple of 8?
False
Is 13 a factor of 15340?
True
Does 5 divide 273?
False
Is 1352 a multiple of 26?
True
Is 71 a factor of 6816?
True
Is 1383 a multiple of 9?
False
Does 8 divide 96?
True
Is 16 a factor of 952?
False
Is 13 a factor of 7683?
True
Does 20 divide 4160?
True
Is 3100 a multiple of 10?
True
Is 23 a factor of 1801?
False
Does 34 divide 7208?
True
Is 14630 a multiple of 209?
True
Is 13230 a multiple of 189?
True
Is 14 a factor of 2265?
False
Is 11 a factor of 495?
True
Is 14 a factor of 4982?
False
Is 11 a factor of 99?
True
Is 6823 a multiple of 13?
False
Does 4 divide 420?
True
Does 9 divide 523?
False
Does 102 divide 49102?
False
Is 132 a multiple of 49?
False
Does 13 divide 1502?
False
Does 48 divide 1632?
True
Does 25 divide 3000?
True
Is 10125 a multiple of 27?
True
Does 37 divide 6549?
True
Is 672 a multiple of 14?
True
Is 27 a factor of 78?
False
Does 16 divide 17659?
False
Is 1312 a multiple of 7?
False
Is 22 a factor of 616?
True
Is 951 a multiple of 9?
False
Is 377 a multiple of 29?
True
Is 2538 a multiple of 54?
True
Is 90 a factor of 14149?
False
Is 28 a factor of 7249?
False
Is 16 a factor of 21?
False
Is 16 a factor of 1488?
True
Is 2300 a multiple of 19?
False
Is 160 a multiple of 10?
True
Does 196 divide 3423?
False
Does 11 divide 6446?
True
Does 7 divide 742?
True
Does 38 divide 1268?
False
Is 11 a factor of 736?
False
Is 2091 a multiple of 17?
True
Is 228 a multiple of 19?
True
Does 31 divide 8556?
True
Is 43 a factor of 1720?
True
Is 165 a multiple of 3?
True
Does 33 divide 20559?
True
Does 19 divide 7837?
False
Is 10 a factor of 2480?
True
Is 26 a factor of 331?
False
Is 8114 a multiple of 28?
False
Does 2 divide 1438?
True
Is 49 a factor of 382?
False
Does 85 divide 6460?
True
Is 1045 a multiple of 11?
True
Does 157 divide 20818?
False
Does 20 divide 2900?
True
Is 7 a factor of 532?
True
Is 16184 a multiple of 28?
True
Is 140 a factor of 116480?
True
Is 3259 even?
False
Is 17 a factor of 1940?
False
Is 28 even?
True
Does 87 divide 136?
False
Does 7 divide 3010?
True
Is 3948 a multiple of 12?
True
Is 37 a factor of 999?
True
Is 4075 a multiple of 56?
False
Is 489 a multiple of 3?
True
Does 3 divide 1413?
True
Is 346 a factor of 71527?
False
Is 21 a fa